sands digit of 349093?
3
What is the tens digit of 11672650?
5
What is the thousands digit of 9169342?
9
What is the ten millions digit of 10237304?
1
What is the hundred thousands digit of 8331574?
3
What is the units digit of 93699?
9
What is the units digit of 17744?
4
What is the thousands digit of 148297?
8
What is the hundreds digit of 1727338?
3
What is the units digit of 3752344?
4
What is the ten thousands digit of 298123?
9
What is the units digit of 4353261?
1
What is the hundred thousands digit of 1024959?
0
What is the units digit of 7182042?
2
What is the thousands digit of 1543840?
3
What is the hundred thousands digit of 1299954?
2
What is the tens digit of 10972?
7
What is the millions digit of 1740001?
1
What is the hundred thousands digit of 180168?
1
What is the hundreds digit of 69118?
1
What is the hundred thousands digit of 174944?
1
What is the thousands digit of 438931?
8
What is the ten thousands digit of 21415?
2
What is the units digit of 32098?
8
What is the hundreds digit of 21216264?
2
What is the thousands digit of 1673788?
3
What is the units digit of 141395?
5
What is the units digit of 162718?
8
What is the hundred thousands digit of 590545?
5
What is the tens digit of 4096161?
6
What is the hundred thousands digit of 4049636?
0
What is the ten millions digit of 30549764?
3
What is the ten thousands digit of 5740207?
4
What is the units digit of 3531328?
8
What is the thousands digit of 89638?
9
What is the units digit of 62713?
3
What is the hundred thousands digit of 347331?
3
What is the units digit of 824920?
0
What is the tens digit of 11311437?
3
What is the hundreds digit of 132154?
1
What is the hundred thousands digit of 2230702?
2
What is the tens digit of 753899?
9
What is the units digit of 400782?
2
What is the units digit of 1234576?
6
What is the hundreds digit of 315815?
8
What is the tens digit of 10517018?
1
What is the tens digit of 1596159?
5
What is the ten thousands digit of 2617335?
1
What is the hundreds digit of 12295797?
7
What is the units digit of 29153994?
4
What is the ten thousands digit of 21133700?
3
What is the tens digit of 798629?
2
What is the hundreds digit of 217157?
1
What is the millions digit of 2391375?
2
What is the ten thousands digit of 654040?
5
What is the tens digit of 2027700?
0
What is the hundreds digit of 101397?
3
What is the tens digit of 24742544?
4
What is the ten millions digit of 11067831?
1
What is the units digit of 2208859?
9
What is the thousands digit of 200197?
0
What is the thousands digit of 5704398?
4
What is the hundred thousands digit of 30519921?
5
What is the units digit of 416511?
1
What is the ten thousands digit of 477745?
7
What is the thousands digit of 6345277?
5
What is the units digit of 776176?
6
What is the ten thousands digit of 226132?
2
What is the ten thousands digit of 295108?
9
What is the thousands digit of 157806?
7
What is the millions digit of 1678310?
1
What is the tens digit of 20047299?
9
What is the hundred thousands digit of 1559587?
5
What is the thousands digit of 303225?
3
What is the ten thousands digit of 4887402?
8
What is the hundreds digit of 1637337?
3
What is the hundreds digit of 1950999?
9
What is the tens digit of 150166?
6
What is the thousands digit of 348341?
8
What is the units digit of 729982?
2
What is the thousands digit of 878806?
8
What is the hundred thousands digit of 312599?
3
What is the units digit of 14497353?
3
What is the units digit of 77003?
3
What is the tens digit of 5130905?
0
What is the units digit of 5499235?
5
What is the thousands digit of 677775?
7
What is the hundred thousands digit of 189914?
1
What is the ten thousands digit of 1266601?
6
What is the ten thousands digit of 3438920?
3
What is the millions digit of 12418292?
2
What is the hundred thousands digit of 186874?
1
What is the hundreds digit of 216043?
0
What is the millions digit of 2959953?
2
What is the hundreds digit of 25777?
7
What is the hundreds digit of 1854824?
8
What is the units digit of 13085?
5
What is the hundreds digit of 2578116?
1
What is the units digit of 520894?
4
What is the units digit of 159841?
1
What is the units digit of 651369?
9
What is the hundred thousands digit of 1074758?
0
What is the tens digit of 79246?
4
What is the hundred thousands digit of 263989?
2
What is the units digit of 18964057?
7
What is the tens digit of 521365?
6
What is the units digit of 436797?
7
What is the ten thousands digit of 24139786?
3
What is the ten thousands digit of 110807?
1
What is the thousands digit of 287543?
7
What is the ten thousands digit of 32743684?
4
What is the units digit of 218765?
5
What is the ten thousands digit of 2891898?
9
What is the units digit of 53104?
4
What is the millions digit of 5679292?
5
What is the thousands digit of 7537049?
7
What is the ten thousands digit of 18322033?
2
What is the tens digit of 15309?
0
What is the ten thousands digit of 261141?
6
What is the hundred thousands digit of 5371867?
3
What is the hundred thousands digit of 3344353?
3
What is the hundreds digit of 3538314?
3
What is the tens digit of 364441?
4
What is the units digit of 163898?
8
What is the hundred thousands digit of 137468?
1
What is the ten thousands digit of 96875?
9
What is the hundreds digit of 209456?
4
What is the units digit of 1103507?
7
What is the hundreds digit of 244896?
8
What is the ten millions digit of 12062569?
1
What is the hundred thousands digit of 683226?
6
What is the millions digit of 13558013?
3
What is the millions digit of 1361668?
1
What is the hundreds digit of 61732?
7
What is the hundred thousands digit of 661594?
6
What is the tens digit of 4565794?
9
What is the millions digit of 1738622?
1
What is the thousands digit of 6216447?
6
What is the thousands digit of 2185354?
5
What is the units digit of 7558240?
0
What is the ten thousands digit of 5234530?
3
What is the hundred thousands digit of 580454?
5
What is the ten thousands digit of 5988244?
8
What is the hundred thousands digit of 205813?
2
What is the ten thousands digit of 1630467?
3
What is the ten thousands digit of 8639462?
3
What is the ten thousands digit of 280626?
8
What is the units digit of 269451?
1
What is the ten thousands digit of 10800509?
0
What is the hundred thousands digit of 123872?
1
What is the ten thousands digit of 5611983?
1
What is the thousands digit of 35584?
5
What is the ten thousands digit of 98910?
9
What is the tens digit of 4541972?
7
What is the thousands digit of 805948?
5
What is the ten thousands digit of 1489110?
8
What is the thousands digit of 1419022?
9
What is the ten millions digit of 11816447?
1
What is the ten thousands digit of 79896?
7
What is the ten thousands digit of 2467275?
6
What is the hundred thousands digit of 7881399?
8
What is the hundred thousands digit of 732490?
7
What is the tens digit of 32393?
9
What is the units digit of 1025343?
3
What is the tens digit of 35584956?
5
What is the tens digit of 88408?
0
What is the ten thousands digit of 996384?
9
What is the tens digit of 6334245?
4
What is the ten thousands digit of 1837293?
3
What is the tens digit of 9681429?
2
What is the hundred thousands digit of 30356679?
3
What is the hundred thousands digit of 289787?
2
What is the tens digit of 22351203?
0
What is the hundred thousands digit of 864414?
8
What is the hundreds digit of 3005838?
8
What is the thousands digit of 576787?
6
What is the hundred thousands digit of 119844?
1
What is the thousands digit of 141379?
1
What is the hundred thousands digit of 1600447?
6
What is the hundred thousands digit of 328868?
3
What is the ten thousands digit of 35061?
3
What is the hundreds digit of 29770285?
2
What is the units digit of 11995310?
0
What is the millions digit of 14338318?
4
What is the hundreds digit of 5639120?
1
What is the units digit of 492106?
6
What is the hundreds digit of 89294?
2
What is the units digit of 687233?
3
What is the hundreds digit of 1072365?
3
What is the units digit of 13357871?
1
What is the hundred thousands digit of 1159529?
1
What is the hundred thousands digit of 216805?
2
What is the ten thousands digit of 15104942?
0
What is the thousands digit of 1056183?
6
What is the hundred thousands digi